{"id":9864,"date":"2024-09-22T15:04:34","date_gmt":"2024-09-22T13:04:34","guid":{"rendered":"https:\/\/www.pucesducanal.com\/?post_type=exposants&#038;p=9864"},"modified":"2025-09-02T15:14:50","modified_gmt":"2025-09-02T13:14:50","slug":"chloe-morandat","status":"publish","type":"exposants","link":"https:\/\/www.pucesducanal.com\/en\/boutique\/chloe-morandat\/","title":{"rendered":"L&rsquo;OEILLADE"},"content":{"rendered":"<p>BOUTIQUE DE CREATEURS <\/p>\n\n\n\n<p>La Halle Louis la Brocante \u2013 Stand 47<br><\/p>\n\n\n\n<p>Bienvenue dans notre boutique de cr\u00e9ateurs !<\/p>\n\n\n\n<p>Chez nous, vous trouverez des cr\u00e9ations uniques, artisanales, locales et artistiques.&nbsp; &nbsp;<\/p>\n\n\n\n<p>Nous sommes 13 cr\u00e9ateurices \u00e0 vous accueillir dans notre univers pour vous partager notre savoir faire.&nbsp;<\/p>\n\n\n\n<p>Nous mettons en avant le savoir faire, l&rsquo;\u00e9cologie, le circuit-court et la volont\u00e9 de vous partager des cr\u00e9ations de qualit\u00e9s avec un suivi personnalis\u00e9.&nbsp;<\/p>\n\n\n\n<p>Situ\u00e9 aux c\u00e9l\u00e8bres Puces du Canal aux Halles louis La Brocante \u00e0 Villeurbanne, nous valorisons l&rsquo;acc\u00e8s \u00e0 un univers unique pour tout le monde !&nbsp;<\/p>\n\n\n\n<p>PS : Acc\u00e8s PMR !!&nbsp;<\/p>\n\n\n\n<p><\/p>","protected":false},"author":34473,"featured_media":11055,"template":"","boutique-a-louer":[],"quartier":[70],"jours-douverture":[37,34,36],"types-de-matieres":[],"epoques":[],"provenance":[],"types-de-marchandises":[58,61],"types-de-boutiques":[54],"class_list":["post-9864","exposants","type-exposants","status-publish","has-post-thumbnail","hentry","quartier-la-halle-louis-la-brocante","jours-douverture-dimanche","jours-douverture-jeudi","jours-douverture-samedi","types-de-marchandises-art","types-de-marchandises-decoration","types-de-boutiques-marchands"],"acf":[],"aioseo_notices":[],"_links":{"self":[{"href":"https:\/\/www.pucesducanal.com\/en\/wp-json\/wp\/v2\/exposants\/9864","targetHints":{"allow":["GET"]}}],"collection":[{"href":"https:\/\/www.pucesducanal.com\/en\/wp-json\/wp\/v2\/exposants"}],"about":[{"href":"https:\/\/www.pucesducanal.com\/en\/wp-json\/wp\/v2\/types\/exposants"}],"author":[{"embeddable":true,"href":"https:\/\/www.pucesducanal.com\/en\/wp-json\/wp\/v2\/users\/34473"}],"wp:featuredmedia":[{"embeddable":true,"href":"https:\/\/www.pucesducanal.com\/en\/wp-json\/wp\/v2\/media\/11055"}],"wp:attachment":[{"href":"https:\/\/www.pucesducanal.com\/en\/wp-json\/wp\/v2\/media?parent=9864"}],"wp:term":[{"taxonomy":"boutique-a-louer","embeddable":true,"href":"https:\/\/www.pucesducanal.com\/en\/wp-json\/wp\/v2\/boutique-a-louer?post=9864"},{"taxonomy":"quartier","embeddable":true,"href":"https:\/\/www.pucesducanal.com\/en\/wp-json\/wp\/v2\/quartier?post=9864"},{"taxonomy":"jours-douverture","embeddable":true,"href":"https:\/\/www.pucesducanal.com\/en\/wp-json\/wp\/v2\/jours-douverture?post=9864"},{"taxonomy":"types-de-matieres","embeddable":true,"href":"https:\/\/www.pucesducanal.com\/en\/wp-json\/wp\/v2\/types-de-matieres?post=9864"},{"taxonomy":"epoques","embeddable":true,"href":"https:\/\/www.pucesducanal.com\/en\/wp-json\/wp\/v2\/epoques?post=9864"},{"taxonomy":"provenance","embeddable":true,"href":"https:\/\/www.pucesducanal.com\/en\/wp-json\/wp\/v2\/provenance?post=9864"},{"taxonomy":"types-de-marchandises","embeddable":true,"href":"https:\/\/www.pucesducanal.com\/en\/wp-json\/wp\/v2\/types-de-marchandises?post=9864"},{"taxonomy":"types-de-boutiques","embeddable":true,"href":"https:\/\/www.pucesducanal.com\/en\/wp-json\/wp\/v2\/types-de-boutiques?post=9864"}],"curies":[{"name":"wp","href":"https:\/\/api.w.org\/{rel}","templated":true}]}}

<p>BOUTIQUE DE CREATEURS </p>



<p>La Halle Louis la Brocante – Stand 47<br></p>



<p>Bienvenue dans notre boutique de créateurs !</p>



<p>Chez nous, vous trouverez des créations uniques, artisanales, locales et artistiques.&nbsp; &nbsp;</p>



<p>Nous sommes 13 créateurices à vous accueillir dans notre univers pour vous partager notre savoir faire.&nbsp;</p>



<p>Nous mettons en avant le savoir faire, l&rsquo;écologie, le circuit-court et la volonté de vous partager des créations de qualités avec un suivi personnalisé.&nbsp;</p>



<p>Situé aux célèbres Puces du Canal aux Halles louis La Brocante à Villeurbanne, nous valorisons l&rsquo;accès à un univers unique pour tout le monde !&nbsp;</p>



<p>PS : Accès PMR !!&nbsp;</p>



<p></p>
